{"id":46,"date":"2018-12-12T21:47:05","date_gmt":"2018-12-12T20:47:05","guid":{"rendered":"http:\/\/www.foerderverein-baerwinkel.de\/2\/?page_id=46"},"modified":"2022-03-01T11:59:09","modified_gmt":"2022-03-01T10:59:09","slug":"impressum","status":"publish","type":"page","link":"http:\/\/www.foerderverein-baerwinkel.de\/2\/impressum\/","title":{"rendered":"IMPRESSUM"},"content":{"rendered":"<section class=\"kc-elm kc-css-962658 kc_row\"><div class=\"kc-row-container  kc-container\"><div class=\"kc-wrap-columns\"><div class=\"kc-elm kc-css-542375 kc_col-sm-12 kc_column kc_col-sm-12\"><div class=\"kc-col-container\"><div class=\"kc-elm kc-css-288934 kc_text_block\"><\/p>\n<p>\u00a9 Copyright und Herausgeber dieser Internetseite:<br \/>F\u00d6RDERVEREIN F\u00dcR DAS ERSTE HAUPTWERK VON CARL FRIEDRICH SCHINKEL,<br \/>DAS EHEMALIGE VERWALTER- UND MOLKENHAUS IN B\u00c4RWINKEL<br \/>BEI NEUHARDENBERG ALS KULTURGESCHICHTLICHES MUSEUM E. V.<\/p>\n<p>Gesch\u00e4ftsstelle:<br \/>c\/o Frank Augustin, Dipl.-Ing. Architekt<br \/>Sophie-Charlotten-Stra\u00dfe 51<br \/>14 059&nbsp; Berlin-Charlottenburg<br \/>Telefon +49 (0)171 412 12 06<br \/>E-mail: <a>faest.ing.int@t-online.de<\/a><br \/>www.foerderverein-baerwinkel.de<\/p>\n<p>Fotografische Aufnahmen: Gerhard Zwickert<\/p>\n<p>Site-Konzept: Frank Augustin, Dipl.-Ing. Architekt<\/p>\n<p><span class=\"font-762333\">Inhaltlich Verantwortlicher Gem\u00e4\u00df TMG:<\/span><span class=\"font-762333\"> Herr Dipl.-Ing. Frank Augustin. Alle Informationen und Erkl\u00e4rungen dieser Internetseiten sind unverbindlich. Der F\u00f6rderverein B\u00e4rwinkel e.V. \u00fcbernimmt f\u00fcr die Richtigkeit und Vollst\u00e4ndigkeit der Inhalte keine Gew\u00e4hr. Es werden keine Garantie \u00fcbernommen und keine Zusicherung von Produkteigenschaften gemacht. Aus den Inhalten der Internetseiten ergeben sich keine Rechtsanspr\u00fcche. Fehler im Inhalt werden bei Kenntnis dar\u00fcber unverz\u00fcglich korrigiert. Die Inhalte der Internetseiten k\u00f6nnen durch zeitverz\u00f6gerte Aktualisierung nicht permanent aktuell sein. Bitte fragen Sie uns daher zu dem Stand, technischen Details und Lieferbarkeit der Produkte und Dienstleistungen. Links auf andere Internetseiten werden nicht permanent kontrolliert. Somit \u00fcbernehmen wir keine Verantwortung f\u00fcr den Inhalt verlinkter Seiten. F\u00fcr den Inhalt der verlinkten Seiten sind ausschlie\u00dflich deren Betreiber verantwortlich.<\/span><\/p>\n<p><span class=\"font-762333\">Urheberrechte und sonstige Sonderschutzrechte<\/span><span class=\"font-762333\"> Der Inhalt dieser Internetseiten ist urheberrechtlich gesch\u00fctzt. Es darf eine Kopie der Informationen der Internetseiten auf einem einzigen Computer f\u00fcr den nicht-kommerziellen und pers\u00f6nlichen internen Gebrauch gespeichert werden. Grafiken, Texte, Logos, Bilder usw. d\u00fcrfen nur nach schriftlicher Genehmigung durch Dipl.-Ing. Frank Augustin heruntergeladen, vervielf\u00e4ltigt, kopiert, ge\u00e4ndert, ver\u00f6ffentlicht, versendet, \u00fcbertragen oder in sonstiger Form genutzt werden. Bei genannten Produkt- und Firmennamen kann es sich um eingetragene Warenzeichen oder Marken handeln. Die unberechtigte Verwendung kann zu Schadensersatzanspr\u00fcchen und Unterlassungsanspr\u00fcchen f\u00fchren.<\/span><\/p>\n<p><span class=\"font-762333\">Haftung: Der F\u00f6rderverein B\u00e4rwinkel e.V.<\/span><span class=\"font-762333\"> haftet nicht f\u00fcr Sch\u00e4den insbesondere nicht f\u00fcr unmittelbare oder mittelbare Folgesch\u00e4den, Datenverlust, entgangenen Gewinn, System- oder Produktionsausf\u00e4lle, die durch die Nutzung dieser Internetseiten oder das Herunterladen von Daten entstehen. Liegt bei einem entstandenen Schaden durch die Nutzung der Internetseiten oder das Herunterladen von Daten Vorsatz oder grobe Fahrl\u00e4ssigkeit vor, gilt der Haftungsausschluss nicht. Die durch die Nutzung der Internetseiten entstandene Rechtsbeziehung zwischen Ihnen und altspace unterliegt dem Recht der Bundesrepublik Deutschland. Bei Rechtsstreitigkeiten mit Vollkaufleuten, die aus der Nutzung dieser Internetseiten resultieren, ist der Gerichtsstand in Berlin-Charlottenburg.<\/span><\/p>\n<p>\n<\/div><\/div><\/div><\/div><\/div><\/section>\n","protected":false},"excerpt":{"rendered":"","protected":false},"author":1,"featured_media":0,"parent":0,"menu_order":0,"comment_status":"closed","ping_status":"closed","template":"templates\/page-builder.php","meta":{"footnotes":""},"class_list":["post-46","page","type-page","status-publish","hentry"],"_links":{"self":[{"href":"http:\/\/www.foerderverein-baerwinkel.de\/2\/wp-json\/wp\/v2\/pages\/46","targetHints":{"allow":["GET"]}}],"collection":[{"href":"http:\/\/www.foerderverein-baerwinkel.de\/2\/wp-json\/wp\/v2\/pages"}],"about":[{"href":"http:\/\/www.foerderverein-baerwinkel.de\/2\/wp-json\/wp\/v2\/types\/page"}],"author":[{"embeddable":true,"href":"http:\/\/www.foerderverein-baerwinkel.de\/2\/wp-json\/wp\/v2\/users\/1"}],"replies":[{"embeddable":true,"href":"http:\/\/www.foerderverein-baerwinkel.de\/2\/wp-json\/wp\/v2\/comments?post=46"}],"version-history":[{"count":11,"href":"http:\/\/www.foerderverein-baerwinkel.de\/2\/wp-json\/wp\/v2\/pages\/46\/revisions"}],"predecessor-version":[{"id":672,"href":"http:\/\/www.foerderverein-baerwinkel.de\/2\/wp-json\/wp\/v2\/pages\/46\/revisions\/672"}],"wp:attachment":[{"href":"http:\/\/www.foerderverein-baerwinkel.de\/2\/wp-json\/wp\/v2\/media?parent=46"}],"curies":[{"name":"wp","href":"https:\/\/api.w.org\/{rel}","templated":true}]}}