{"id":513,"date":"2018-12-29T22:45:05","date_gmt":"2018-12-29T21:45:05","guid":{"rendered":"http:\/\/www.foerderverein-baerwinkel.de\/2\/?page_id=513"},"modified":"2023-09-11T10:15:07","modified_gmt":"2023-09-11T08:15:07","slug":"material","status":"publish","type":"page","link":"http:\/\/www.foerderverein-baerwinkel.de\/2\/material\/","title":{"rendered":"MATERIAL"},"content":{"rendered":"<p><section id=\"geschichte\" class=\"kc-elm kc-css-823232 kc-animated kc-animate-eff-fadeInUp kc_row\"><div class=\"kc-row-container  kc-container\"><div class=\"kc-wrap-columns\"><div class=\"kc-elm kc-css-850454 kc_col-sm-6 kc_column kc_col-sm-6\"><div class=\"kc-col-container\"><div class=\"kc-elm kc-css-569250\" style=\"height: 20px; clear: both; width:100%;\"><\/div><div class=\"kc-elm kc-css-520739 kc_shortcode kc_single_image\">\n\n        <img decoding=\"async\" src=\"http:\/\/www.foerderverein-baerwinkel.de\/2\/wp-content\/uploads\/2018\/12\/vorlage_3_geschichtliche-Rekonstruktion_1-363x445xc.jpg\" class=\"\" alt=\"\" \/>    \t    <p class=\"scapt\">Lageplan des Vorwerks, 1809 (Standort des Molkenhauses ist rot gerahmt)<\/p>\n\t    <\/div>\n<div class=\"kc-elm kc-css-15718\" style=\"height: 20px; clear: both; width:100%;\"><\/div><div class=\"kc-elm kc-css-245981 kc_shortcode kc_single_image\">\n\n        <img decoding=\"async\" src=\"http:\/\/www.foerderverein-baerwinkel.de\/2\/wp-content\/uploads\/2018\/12\/vorlage_4_geschichtliche-RekonstruktionOstansicht-363x427xc.jpg\" class=\"\" alt=\"\" \/>    \t    <p class=\"scapt\">Retuschierte Ostansicht des Molkenhauses, um 1960 (?)<\/p>\n\t    <\/div>\n<div class=\"kc-elm kc-css-756862\" style=\"height: 20px; clear: both; width:100%;\"><\/div><div class=\"kc-elm kc-css-948181 kc_shortcode kc_single_image\">\n\n        <img decoding=\"async\" src=\"http:\/\/www.foerderverein-baerwinkel.de\/2\/wp-content\/uploads\/2018\/12\/plan1897-363x254xc.jpg\" class=\"\" alt=\"\" \/>    \t    <p class=\"scapt\">Baueingabezeichnung f\u00fcr den Umbau von 1894<\/p>\n\t    <\/div>\n<\/div><\/div><div class=\"kc-elm kc-css-150101 kc_col-sm-6 kc_column kc_col-sm-6\"><div class=\"kc-col-container\"><div class=\"kc-elm kc-css-398574 kc_text_block\"><\/p>\n<p class=\"western\" align=\"justify\"><span style=\"font-family: Verdana, sans-serif;\"><span style=\"font-size: medium;\"><strong>Geschichtliche Rekonstruktion<\/strong><\/span><\/span><\/p>\n<p><span style=\"font-size: 14pt;\">Das Terrain des Vorwerks B\u00e4rwinkel ist seit 1797 trockengelegt worden. Die Bauten wurden 1800 bis 1803 errichtet. Es war Teil der polyzentrischen Landwirtschaft im Oderbruch. Es diente der Fleisch- und Butter resp. Magerk\u00e4seproduktion. Die Anlage erfolgte nicht in der jahrhundertelang g\u00fcltigen Siedlungsform am Anger oder an der Stra\u00dfe durch die Errichtung von drei- oder vierseitig umbauten H\u00f6fen, sondern isoliert in einer landschaftsg\u00e4rtnerischen Kunstform als&nbsp; o r n a m e n t e d&nbsp; f a r m. Das Verwalter- und Molkenhaus des Vorwerks B\u00e4rwinkel wird zwar im Schinkel-Lebenswerk behandelt, Band Mark Brandenburg (M\u00fcnchen 1960), bearbeitet von Hans-Herbert M\u00f6ller; die baugeschichtliche Bedeutung f\u00fcr das Werk Carl Friedrich Schinkels wurde allerdings seit der Mitteilung Gustav Friedrich Waagens, da\u00df es der &#8220;nach dem eigenen Urteil Schinkels unter &#8230; seinen fr\u00fchesten Bauten erheblichste und von eigent\u00fcmlichster Anlage\" sei, erst durch Goerd Peschken wieder dem \u00f6ffentlichen Bewu\u00dftsein nahegebracht, publiziert in italienischer (1993) und spanischer Sprache (1994). Nachfolgend fand es Beachtung in Sammelpublikationen (u.a. durch Eckhardt R\u00fcsch) und Erw\u00e4hnungen in Schriften zu Neuhardenberg.<\/span><\/p>\n<p><span style=\"font-size: 14pt;\">Das Molkenhaus wurde im westlichen Teil in Gestalt einer fr\u00fchchristlichen Basilika im \u00f6stlichen&nbsp; in Gestalt einer Rekonstruktion des Salomonischen Tempels nach dem Hamburger Modell errichtet, wie ein&nbsp; f o l l y&nbsp; im Landschaftsgarten, zugleich als Nutzbau: Das s\u00fcdliche Seitenschiff diente, nachtr\u00e4glich durch ein massives Gew\u00f6lbe zum fensterlosen K\u00fchlraum umgebaut, zur K\u00e4selagerung, das n\u00f6rdliche als Verwalterwohnung. Der Saal oben im Mittelschiff, der &#8220;herrschaftliche Salon\", wurde als Ausflugsziel der Herrschaft genutzt; wohl auch als &#8216;Tempel&#8217; eines Geheimbundes, der den Templer-Orden wieder erstehen lassen wollte; der Saal darunter, die &#8220;herrschaftliche Stube\" zu ebener Erde diente wohl als Probierstube.<\/span><\/p>\n<p><span style=\"font-size: 14pt;\">Der Bau wurde aus dem im Oderbruch anstehenden Sediment Raseneisenstein, der an der Luft zum Rotbraun oxidiert, gemauert, wie die St\u00e4lle, aber durch Situierung und Architekturform hervorgehoben. Auch die Voll- und Formziegel werden nicht nur zur besseren Eck- und Kantenausf\u00fchrung technisch gebraucht, sondern als ein dem &#8220;Mittelalterstyle\" zugeh\u00f6riges Element der historischen Kunstform, deren Bedeutung mit der Bestandsaufnahme der Marienburg in Westpreu\u00dfen ins Bewu\u00dftsein gebracht war.<\/span><\/p>\n<p><span style=\"font-size: 14pt;\">Im Laufe der Jahre wurde das Geb\u00e4ude mehrfach ver\u00e4ndert. Ein umfassender Umbau zu zwei Wohnungen, bei dem das Geb\u00e4ude eine Aufstockung der Seitenschiffe, eine westliche Verl\u00e4ngerung und einen s\u00fcdlichen Anbau als Treppenhaus erhielt, erfolgte 1894. Die Treppe zum Saal im Mittelschiff wurde entfernt.<\/span><\/p>\n<p><span style=\"font-size: 14pt;\">Diese Eingriffe machten den Bau so unkenntlich, da\u00df zun\u00e4chst nur das unverbaute Querhaus unter Denkmalschutz gestellt worden ist. Das Verputzen, sp\u00e4tere Umbauten, mangelnde Unterhaltung etc. hatten den Kern zunehmend unkenntlich gemacht und den Bau an den Rand des unumkehrbar Ruin\u00f6sen geraten lassen.<\/span><\/p>\n<p><span style=\"font-size: 14pt;\">Seit 1990 wurden bestandssichernde Ma\u00dfnahmen durchgef\u00fchrt, im Zuge derer die Verl\u00e4ngerung von Mittel- und s\u00fcdlichem Seitenschiff, sowie die Aufstockung desselben abgetragen wurden. Da\u00ad\u00ad\u00addurch wurde der Schinkel-Bau wieder erkennbar und lesbar. Seither wirkt der n\u00f6rdliche Fl\u00fcgel als Monument der Umbauten ab 1894. Durch den Bau verl\u00e4uft etwa in der Linie der n\u00f6rdlichen L\u00e4ngswand des Mittelschiffs seit 1948 eine Grundst\u00fccksgrenze. Der n\u00f6rdliche, doppelst\u00f6ckige Trakt musste deshalb bei der Wiedergewinnung des Molkenhauses bisher au\u00dfen vor gelassen werden.<\/span><\/p>\n<p>\n<\/div><\/div><\/div><\/div><\/div><\/section><section id=\"grundrisse\" class=\"kc-elm kc-css-923062 kc_row\"><div class=\"kc-row-container  kc-container\"><div class=\"kc-wrap-columns\"><div class=\"kc-elm kc-css-231412 kc_col-sm-12 kc_column kc_col-sm-12\"><div class=\"kc-col-container\"><div class=\"kc-elm kc-css-236320\" style=\"height: 49px; clear: both; width:100%;\"><\/div><\/div><\/div><\/div><\/div><\/section><section class=\"kc-elm kc-css-758068 kc-animated kc-animate-eff-fadeInUp kc_row\"><div class=\"kc-row-container  kc-container\"><div class=\"kc-wrap-columns\"><div class=\"kc-elm kc-css-608813 kc_col-sm-12 kc_column kc_col-sm-12\"><div class=\"kc-col-container\"><div class=\"kc-elm kc-css-217165 kc_shortcode kc_single_image\">\n\n        <img decoding=\"async\" src=\"http:\/\/www.foerderverein-baerwinkel.de\/2\/wp-content\/uploads\/2019\/01\/GrundrissParterre-1.jpg\" class=\"\" alt=\"\" \/>    \t    <p class=\"scapt\">Grundriss Parterre<\/p>\n\t    <\/div>\n<div class=\"kc-elm kc-css-666934\" style=\"height: 47px; clear: both; width:100%;\"><\/div><div class=\"kc-elm kc-css-717756 kc_shortcode kc_single_image\">\n\n        <img decoding=\"async\" src=\"http:\/\/www.foerderverein-baerwinkel.de\/2\/wp-content\/uploads\/2019\/01\/GrundrissObergeschoss-1.jpg\" class=\"\" alt=\"\" \/>    \t    <p class=\"scapt\">Grundriss Obergeschoss<\/p>\n\t    <\/div>\n<\/div><\/div><\/div><\/div><\/section><section id=\"aufrisse\" class=\"kc-elm kc-css-760083 kc_row\"><div class=\"kc-row-container  kc-container\"><div class=\"kc-wrap-columns\"><div class=\"kc-elm kc-css-92789 kc_col-sm-12 kc_column kc_col-sm-12\"><div class=\"kc-col-container\"><div class=\"kc-elm kc-css-649851\" style=\"height: 49px; clear: both; width:100%;\"><\/div><\/div><\/div><\/div><\/div><\/section><section class=\"kc-elm kc-css-245399 kc-animated kc-animate-eff-fadeInUp kc_row\"><div class=\"kc-row-container  kc-container\"><div class=\"kc-wrap-columns\"><div class=\"kc-elm kc-css-687052 kc_col-sm-6 kc_column kc_col-sm-6\"><div class=\"kc-col-container\"><div class=\"kc-elm kc-css-608899 kc_shortcode kc_single_image\">\n\n        <img decoding=\"async\" src=\"http:\/\/www.foerderverein-baerwinkel.de\/2\/wp-content\/uploads\/2018\/12\/AufrissOsten-350x230xc.jpg\" class=\"\" alt=\"\" \/>    \t    <p class=\"scapt\">Aufriss von Osten<\/p>\n\t    <\/div>\n<div class=\"kc-elm kc-css-524160 kc_shortcode kc_single_image\">\n\n        <img decoding=\"async\" src=\"http:\/\/www.foerderverein-baerwinkel.de\/2\/wp-content\/uploads\/2018\/12\/AufrissNorden-350x230xc.jpg\" class=\"\" alt=\"\" \/>    \t    <p class=\"scapt\">Aufriss von Norden<\/p>\n\t    <\/div>\n<\/div><\/div><div class=\"kc-elm kc-css-285779 kc_col-sm-6 kc_column kc_col-sm-6\"><div class=\"kc-col-container\"><div class=\"kc-elm kc-css-197419 kc_shortcode kc_single_image\">\n\n        <img decoding=\"async\" src=\"http:\/\/www.foerderverein-baerwinkel.de\/2\/wp-content\/uploads\/2018\/12\/AufrissSueden-350x230xc.jpg\" class=\"\" alt=\"\" \/>    \t    <p class=\"scapt\">Aufriss S\u00fcd<\/p>\n\t    <\/div>\n<div class=\"kc-elm kc-css-975608 kc_shortcode kc_single_image\">\n\n        <img decoding=\"async\" src=\"http:\/\/www.foerderverein-baerwinkel.de\/2\/wp-content\/uploads\/2018\/12\/AufrissWesten-350x230xc.jpg\" class=\"\" alt=\"\" \/>    \t    <p class=\"scapt\">Aufriss von Westen<\/p>\n\t    <\/div>\n<\/div><\/div><\/div><\/div><\/section><section id=\"fotos\" class=\"kc-elm kc-css-389846 kc_row\"><div class=\"kc-row-container  kc-container\"><div class=\"kc-wrap-columns\"><div class=\"kc-elm kc-css-636951 kc_col-sm-12 kc_column kc_col-sm-12\"><div class=\"kc-col-container\"><div class=\"kc-elm kc-css-826152\" style=\"height: 49px; clear: both; width:100%;\"><\/div><\/div><\/div><\/div><\/div><\/section><section id=\"fotos_\" class=\"kc-elm kc-css-35564 kc-animated kc-animate-eff-fadeInUp kc_row\"><div class=\"kc-row-container  kc-container\"><div class=\"kc-wrap-columns\"><div class=\"kc-elm kc-css-207533 kc_col-sm-6 kc_column kc_col-sm-6\"><div class=\"kc-col-container\"><div class=\"kc-elm kc-css-898044 kc_shortcode kc_single_image\">\n\n        <img decoding=\"async\" src=\"http:\/\/www.foerderverein-baerwinkel.de\/2\/wp-content\/uploads\/2018\/12\/20150511_0009.jpg\" class=\"\" alt=\"\" \/>    <\/div>\n<div class=\"kc-elm kc-css-19680 kc_shortcode kc_single_image\">\n\n        <img decoding=\"async\" src=\"http:\/\/www.foerderverein-baerwinkel.de\/2\/wp-content\/uploads\/2018\/12\/20150511_0069.jpg\" class=\"\" alt=\"\" \/>    <\/div>\n<div class=\"kc-elm kc-css-378754 kc_shortcode kc_single_image\">\n\n        <img decoding=\"async\" src=\"http:\/\/www.foerderverein-baerwinkel.de\/2\/wp-content\/uploads\/2018\/12\/20150511_0075.jpg\" class=\"\" alt=\"\" \/>    <\/div>\n<div class=\"kc-elm kc-css-133659 kc_shortcode kc_single_image\">\n\n        <img decoding=\"async\" src=\"http:\/\/www.foerderverein-baerwinkel.de\/2\/wp-content\/uploads\/2018\/12\/20150511_0058.jpg\" class=\"\" alt=\"\" \/>    <\/div>\n<\/div><\/div><div class=\"kc-elm kc-css-870078 kc_col-sm-6 kc_column kc_col-sm-6\"><div class=\"kc-col-container\"><div class=\"kc-elm kc-css-146909 kc_shortcode kc_single_image\">\n\n        <img decoding=\"async\" src=\"http:\/\/www.foerderverein-baerwinkel.de\/2\/wp-content\/uploads\/2018\/12\/20150511_0024.jpg\" class=\"\" alt=\"\" \/>    <\/div>\n<div class=\"kc-elm kc-css-566927 kc_shortcode kc_single_image\">\n\n        <img decoding=\"async\" src=\"http:\/\/www.foerderverein-baerwinkel.de\/2\/wp-content\/uploads\/2018\/12\/20150511_0019.jpg\" class=\"\" alt=\"\" \/>    <\/div>\n<div class=\"kc-elm kc-css-219854 kc_shortcode kc_single_image\">\n\n        <img decoding=\"async\" src=\"http:\/\/www.foerderverein-baerwinkel.de\/2\/wp-content\/uploads\/2018\/12\/20150511_0092.jpg\" class=\"\" alt=\"\" \/>    <\/div>\n<div class=\"kc-elm kc-css-557508 kc_shortcode kc_single_image\">\n\n        <img decoding=\"async\" src=\"http:\/\/www.foerderverein-baerwinkel.de\/2\/wp-content\/uploads\/2018\/12\/20150511_0016.jpg\" class=\"\" alt=\"\" \/>    <\/div>\n<\/div><\/div><\/div><\/div><\/section><section id=\"links\" class=\"kc-elm kc-css-400036 kc_row\"><div class=\"kc-row-container  kc-container\"><div class=\"kc-wrap-columns\"><div class=\"kc-elm kc-css-143953 kc_col-sm-12 kc_column kc_col-sm-12\"><div class=\"kc-col-container\"><div class=\"kc-elm kc-css-835778\" style=\"height: 49px; clear: both; width:100%;\"><\/div><\/div><\/div><\/div><\/div><\/section><section id=\"links_\" class=\"kc-elm kc-css-305205 kc_row\"><div class=\"kc-row-container  kc-container\"><div class=\"kc-wrap-columns\"><div class=\"kc-elm kc-css-922526 kc_col-sm-6 kc_column kc_col-sm-6\"><div class=\"kc-col-container\"><div class=\"kc-elm kc-css-797943 kc_text_block\"><\/p>\n<p>\n<strong>LINKS:<\/strong><\/p>\n<p><strong>Text Theodor Fontane \u00fcber B\u00e4rwinkel<\/strong><br \/>\n<a title=\"Zur Website www.verein-museum-europaeischer-kulturen.de\" href=\"http:\/\/www.verein-museum-europaeischer-kulturen.de\/fontane-baer.htm\" target=\"_blank\" rel=\"noopener\">www.verein-museum-europaeischer-kulturen.de\/fontane-baer.htm<\/a><\/p>\n<p><strong>Text Goerd Peschken \u00fcber Schinkel<\/strong><br \/>\n<a title=\"Zur Website www.verein-museum-europaeischer-kulturen.de\" href=\"http:\/\/www.verein-museum-europaeischer-kulturen.de\/baer-peschken.htm\" target=\"_blank\" rel=\"noopener\">www.verein-museum-europaeischer-kulturen.de\/baer-peschken.htm<\/a><\/p>\n<p><strong>Heimatverein Neuhardenberg<\/strong><br \/>\n<a title=\"Zur Website www.neuhardenberg.org\" href=\"http:\/\/www.neuhardenberg.org\/\" target=\"_blank\" rel=\"noopener\">www.neuhardenberg.org<\/a><\/p>\n<p><strong>Die Schinkelsche Bauakademie<\/strong><br \/>\n<a title=\"Zur Website www.foerderverein-bauakademie.de\" href=\"http:\/\/www.foerderverein-bauakademie.de\/ziele.html\" target=\"_blank\" rel=\"noopener\">www.foerderverein-bauakademie.de<\/a><\/p>\n<p><strong>Stiftung Schloss Neuhardenberg<\/strong><br \/>\n<a href=\"http:\/\/www.schlossneuhardenberg.de\/stiftung\/geschichte\/\" target=\"_blank\" rel=\"noopener\">www.schlossneuhardenberg.de\/stiftung\/geschichte\/<\/a><\/p>\n<p><strong>Auf den Spuren Schinkels in Neuhardenberg<\/strong><br \/>\n<a title=\"Zur Website www.brandenburg-info.com\" href=\"http:\/\/www.brandenburg-info.com\/mol\/f_neuhardenb.htm\" target=\"_blank\" rel=\"noopener\">www.brandenburg-info.com<\/a><\/p>\n<p><strong>Schinkelkirche Neuhardenberg<\/strong><br \/>\n<a title=\"Zur Website www.schinkel-kirche.de\" href=\"http:\/\/www.schinkel-kirche.de\/\" target=\"_blank\" rel=\"noopener\">www.schinkel-kirche.de<\/a><\/p>\n<p><strong>Tourist-Information &#8220;Oderbruch\" e.V<\/strong><br \/>\n<a title=\"Zur Website www.oderbruch-tourismus.de\" href=\"http:\/\/www.oderbruch-tourismus.de\/\" target=\"_blank\" rel=\"noopener\">www.oderbruch-tourismus.de<\/a><\/p>\n<p><strong>Sparkasse M\u00e4rkisch-Oderland<\/strong><br \/>\n<a title=\"Zur Website www.sparkasse-mol.de\" href=\"http:\/\/www.sparkasse-mol.de\/\" target=\"_blank\" rel=\"noopener\">www.sparkasse-mol.de<\/a><\/p>\n<p><strong>Das Erbe Schinkels<\/strong><br \/>\n<a title=\"Zur Website http:\/\/ww2.smb.museum\/schinkel\/\" href=\"http:\/\/ww2.smb.museum\/schinkel\/\" target=\"_blank\" rel=\"noopener\">http:\/\/ww2.smb.museum\/schinkel\/<\/a><\/p>\n<p>\n<\/div><\/div><\/div><div class=\"kc-elm kc-css-5231 kc_col-sm-6 kc_column kc_col-sm-6\"><div class=\"kc-col-container\"><div class=\"kc-elm kc-css-795921 kc_text_block\"><\/p>\n<p lang=\"zxx\"><span style=\"font-family: Verdana, sans-serif;\"><strong>Kania, Hans und M\u00f6ller, Hans-Herbert<\/strong><br \/>\n<\/span><span style=\"font-family: Verdana, sans-serif;\">M<\/span><span style=\"font-family: Verdana, sans-serif;\">ark Brandenburg. (Karl Friedrich Schinkel. Lebenswerk).<br \/>\n<\/span><span style=\"font-family: Verdana, sans-serif;\">Deutscher Kunstverlag <\/span><span style=\"font-family: Verdana, sans-serif;\">Berlin <\/span><span style=\"font-family: Verdana, sans-serif;\">1960 <\/span><\/p>\n<p lang=\"zxx\"><span style=\"font-family: Verdana, sans-serif;\"><strong>Peschken, Goerd,<\/strong><br \/>\n<\/span><span style=\"font-family: Verdana, sans-serif;\">Il Molkenhaus a B\u00e4rwinkel<br \/>\n<\/span><span style=\"font-family: Verdana, sans-serif;\">und <\/span><span style=\"font-family: Verdana, sans-serif;\"><strong>Linke, Dorett,<\/strong><br \/>\n<\/span><span style=\"font-family: Verdana, sans-serif;\">Il Rilievo del Molkenhaus a B\u00e4rwinkel<br \/>\n<\/span><span style=\"font-family: Verdana, sans-serif;\">in<br \/>\n<\/span><span style=\"font-family: Verdana, sans-serif;\">Karl Friedrich Schinkel, Architettura e paesaggio <\/span><span style=\"font-family: Verdana, sans-serif;\">a cura die Marco Pogacnik <\/span><span style=\"font-family: Verdana, sans-serif;\">Federico Motta Editore Mailand 1992 <\/span><span style=\"font-family: Verdana, sans-serif;\">mit Beitr\u00e4gen von Marco Pogacnik, Goerd Peschken, Dorett Linke, Tilmann Johannes Heinisch, Ernst Badst\u00fcbner, Giovanni Chiaramonte, Frank Augustin, Werner Szambien, Wolf Scott und Emil Flaminius <\/span><\/p>\n<p lang=\"zxx\"><span style=\"font-family: Verdana, sans-serif;\">wie vor in Karl Friedrich Schinkel, Arquitectura y paisje<br \/>\n<\/span><span style=\"font-family: Verdana, sans-serif;\">Editorial Nerea Madrid 1993 <\/span><\/p>\n<p lang=\"zxx\"><span style=\"font-family: Verdana, sans-serif;\"><strong>Augustin, Frank,<\/strong><br \/>\n<\/span><span style=\"font-family: Verdana, sans-serif;\">Schinkels Erstes Hauptwerk. Das Verwalter- und Molkenhaus in B\u00e4rwinkel bei Neuhardenberg<br \/>\n<\/span><span style=\"font-family: Verdana, sans-serif;\">in<br \/>\n<\/span><span style=\"font-family: Verdana, sans-serif;\">Karl Friedrich Schinkel, Aspects of his Work \/ Aspekte seines Werkes <\/span><span style=\"font-family: Verdana, sans-serif;\">edited by \/ herausgegeben von <strong>Susan M. Peik<\/strong><br \/>\n<\/span><span style=\"font-family: Verdana, sans-serif;\">Edition Axel Menges, Stuttgart \/ London 2001<br \/>\n<\/span><span style=\"font-family: Verdana, sans-serif;\">mit Beitr\u00e4gen von Eric Forssman, Goerd Peschken, Andreas Kahlow, Frank Augustin, Emanuele Fidone, Hans-Joachim Kunst, Ernst Badst\u00fcbner, Martina Abri, Heinz Sch\u00f6nemann, Michael Seiler, Rand Carter, Jean- Francois Lejeune, Klaus Jan Philipp, Ralf F. Hartmann, Stanford Anderson und Barry Bergdoll <\/span><\/p>\n<p lang=\"zxx\"><strong><span style=\"font-family: Verdana, sans-serif;\">Augustin, Frank und Peschken, Goerd ( Hrsg.), <\/span><\/strong><span style=\"font-family: Verdana, sans-serif;\">Der junge Schinkel 1800 \u2013 1803<br \/>\n<\/span><span style=\"font-family: Verdana, sans-serif;\">( Katalog zur Ausstellung im Molkenhaus in Neuhardenberg-B\u00e4rwinkel )<br \/>\n<\/span><span style=\"font-family: Verdana, sans-serif;\">Deutscher Kunstverlag M\u00fcnchen Berlin 2006<br \/>\n<\/span><span style=\"font-family: Verdana, sans-serif;\">mit Beitr\u00e4gen von Christina Wrobel, Frank Augustin, Adelheid Schendel, Reinhart Strecke, Goerd Peschken, Hella Reelfs und Eckart R\u00fcsch <\/span><\/p>\n<p lang=\"zxx\"><strong><span style=\"font-family: Verdana, sans-serif;\">Peschken, Goerd, <\/span><\/strong><span style=\"font-family: Verdana, sans-serif;\">Schinkels Salomonischer Tempel auf B\u00e4rwinkel<br \/>\n<\/span><span style=\"font-family: Verdana, sans-serif;\">Deutscher Kunstverlag 2015 (DKV-Heft Nr. 681 ) <\/span><\/p>\n<p lang=\"zxx\"><span style=\"font-family: Verdana, sans-serif;\"><strong>Augustin, Frank,<br \/>\n<\/strong><\/span><span style=\"font-family: Verdana, sans-serif;\">Schinkels Rekonstruktion des Salomonischen Tempels<br \/>\n<\/span><span style=\"font-family: Verdana, sans-serif;\">in Brandenburgische Denkmalpflege, Neue Folge, Jahrgang 3, 2017 \u2013 Heft 1 <\/span><span style=\"font-family: Verdana, sans-serif;\">Geym\u00fcller-Verlag Aachen 2017<br \/>\n<\/span><span style=\"font-family: Verdana, sans-serif;\">mit Beitr\u00e4gen von Thomas Drachenberg, Matthias Hoffmann-Tauschwitz, Bernd Janowski, Peter Kn\u00fcvener, Gordon Thalmann, Alfred Roggan, Jonas Roggan, Frank Augustin, Thomas M. Dann, Dietmar Krau\u00dfer und Heidrun Fleege <\/span><\/p>\n<p>\n<\/div><\/div><\/div><\/div><\/div><\/section><\/p>\n","protected":false},"excerpt":{"rendered":"","protected":false},"author":1,"featured_media":0,"parent":0,"menu_order":0,"comment_status":"closed","ping_status":"closed","template":"templates\/page-builder.php","meta":{"footnotes":""},"class_list":["post-513","page","type-page","status-publish","hentry"],"_links":{"self":[{"href":"http:\/\/www.foerderverein-baerwinkel.de\/2\/wp-json\/wp\/v2\/pages\/513","targetHints":{"allow":["GET"]}}],"collection":[{"href":"http:\/\/www.foerderverein-baerwinkel.de\/2\/wp-json\/wp\/v2\/pages"}],"about":[{"href":"http:\/\/www.foerderverein-baerwinkel.de\/2\/wp-json\/wp\/v2\/types\/page"}],"author":[{"embeddable":true,"href":"http:\/\/www.foerderverein-baerwinkel.de\/2\/wp-json\/wp\/v2\/users\/1"}],"replies":[{"embeddable":true,"href":"http:\/\/www.foerderverein-baerwinkel.de\/2\/wp-json\/wp\/v2\/comments?post=513"}],"version-history":[{"count":118,"href":"http:\/\/www.foerderverein-baerwinkel.de\/2\/wp-json\/wp\/v2\/pages\/513\/revisions"}],"predecessor-version":[{"id":728,"href":"http:\/\/www.foerderverein-baerwinkel.de\/2\/wp-json\/wp\/v2\/pages\/513\/revisions\/728"}],"wp:attachment":[{"href":"http:\/\/www.foerderverein-baerwinkel.de\/2\/wp-json\/wp\/v2\/media?parent=513"}],"curies":[{"name":"wp","href":"https:\/\/api.w.org\/{rel}","templated":true}]}}