{"id":735,"date":"2023-09-11T10:59:40","date_gmt":"2023-09-11T08:59:40","guid":{"rendered":"http:\/\/www.foerderverein-baerwinkel.de\/2\/?page_id=735"},"modified":"2025-06-03T15:20:09","modified_gmt":"2025-06-03T13:20:09","slug":"projekte","status":"publish","type":"page","link":"http:\/\/www.foerderverein-baerwinkel.de\/2\/projekte\/","title":{"rendered":"B\u00c4RWINKEL &#8211; 225"},"content":{"rendered":"<p><section class=\"kc-elm kc-css-147726 kc_row\"><div class=\"kc-row-container  kc-container\"><div class=\"kc-wrap-columns\"><div class=\"kc-elm kc-css-476118 kc_col-sm-12 kc_column kc_col-sm-12\"><div class=\"kc-col-container\"><div class=\"kc-elm kc-css-503350 kc_text_block\"><\/p>\n<div class=\"page\" title=\"Page 1\">\n<div class=\"section\">\n<div class=\"layoutArea\">\n<div class=\"column\">\n<h1>B\u00c4RWINKEL &#8211; 225\u00a0 im Jahr 2025<\/h1>\n<\/div>\n<\/div>\n<\/div>\n<\/div>\n<p>\n<\/div><\/div><\/div><\/div><\/div><\/section><section class=\"kc-elm kc-css-708867 kc_row\"><div class=\"kc-row-container  kc-container\"><div class=\"kc-wrap-columns\"><div class=\"kc-elm kc-css-636584 kc_col-sm-6 kc_column kc_col-sm-6\"><div class=\"kc-col-container\"><div class=\"kc-elm kc-css-372743 kc_text_block\"><\/p>\n<p><span style=\"font-size: 12.000000pt; font-family: &#039;Verdana&#039;;\">Das ehemalige Vorwerk B\u00e4rwinkel bei Neuhardenberg, ein Werk von Friedrich Gilly und seinem Sch\u00fcler Karl Friedrich Schinkel, in seiner Kunstform einzigartig in Europa, wird in 2025 vom F\u00f6rderverein B\u00e4rwinkel e.V. mit dem 225igsten Jubil\u00e4um gefeiert.<\/span><\/p>\n<div class=\"page\" title=\"Page 3\">\n<div class=\"section\">\n<div class=\"layoutArea\">\n<div class=\"column\">\n<h2>Programm<\/h2>\n<p>im ehemaligen Stall, Ba\u0308rwinkel 12<\/p>\n<h3>Sa 03. Mai 2025, 11:30 Uhr<\/h3>\n<h4>Symposion &#8211; Friedrich Gilly zu ehren mit Vortra\u0308gen von<\/h4>\n<p>Reinhard Schmook, Volker von Prittwitz, Jan Mende, Frank Augustin, Goerd Peschken, Frank C. Mo\u0308ller, Nikolaus Bernau<\/p>\n<\/div>\n<\/div>\n<div class=\"layoutArea\">\n<div class=\"column\">\n<\/div>\n<\/div>\n<\/div>\n<\/div>\n<p>\n<\/div>\n<div class=\"kc-elm kc-css-245047 kc-animated kc-animate-eff-fadeIn\">\n\t<a class=\"kc_button\" href=\"http:\/\/www.foerderverein-baerwinkel.de\/2\/wp-content\/uploads\/2025\/05\/baerwinkel-225_symposion-programm-e-mail-version_stand20250407.pdf\" target=\"_blank\" title=\"\" onclick=\"\">\n\t\tDownload PDF\t<\/a>\n<\/div>\n<div class=\"kc-elm kc-css-264624 kc_text_block\"><\/p>\n<div class=\"page\" title=\"Page 3\">\n<div class=\"section\">\n<div class=\"layoutArea\">\n<div class=\"column\">\n<h3>So 04. Mai 2025, 17:00 Uhr<\/h3>\n<h4>Festkonzert &#8211; Meisterwerke aus der fru\u0308hen Zeit des Vorwerks<\/h4>\n<div class=\"layoutArea\">\n<div class=\"column\">\n<p>Werke von<br \/>Carl Maria von Weber, Ludwig van Beethoven, Felix Mendelssohn Bartholdy und<br \/>Robert Schumann<\/p>\n<\/div>\n<\/div>\n<\/div>\n<\/div>\n<div class=\"layoutArea\">\n<div class=\"column\">\n<p>Corinna Simon (Klavier)<br \/>Henning Harms (Violoncello)<\/p>\n<\/div>\n<\/div>\n<\/div>\n<\/div>\n<p>\n<\/div>\n<div class=\"kc-elm kc-css-625818 kc-animated kc-animate-eff-fadeIn\">\n\t<a class=\"kc_button\" href=\"http:\/\/www.foerderverein-baerwinkel.de\/2\/wp-content\/uploads\/2025\/05\/baerwinkel-225_festkonzert-programmvorschau_email-version_stand20250411.pdf\" target=\"_blank\" title=\"\" onclick=\"\">\n\t\tDownload PDF\t<\/a>\n<\/div>\n<div class=\"kc-elm kc-css-981914 kc_text_block\"><\/p>\n<div class=\"page\" title=\"Page 3\">\n<div class=\"section\">\n<div class=\"layoutArea\">\n<div class=\"column\">\n<h3>Sa 12. Juli 2025, 17:00 Uhr<\/h3>\n<\/div>\n<\/div>\n<div class=\"layoutArea\">\n<div class=\"column\">\n<h4>Konzert Piano for Kids<\/h4>\n<\/div>\n<\/div>\n<div class=\"layoutArea\">\n<div class=\"column\">\n<p>Das weltweit erfolgreiche Programm mit kleinen Klavierwerken gro\u00dfer Meister aus drei Jahrhunderten, komponiert fu\u0308r Kinder<\/p>\n<p>Corinna Simon (Klavier und Text)<br \/>Werke von Johann Sebastian Bach, Claude Debussy, Nino Rota u.a.<\/p>\n<h5>Weitere Infos und Preise finden Sie hier zum Download:\u00a0<\/h5>\n<\/div>\n<\/div>\n<\/div>\n<\/div>\n<p>\n<\/div>\n<div class=\"kc-elm kc-css-865108 kc-animated kc-animate-eff-fadeIn\">\n\t<a class=\"kc_button\" href=\"http:\/\/www.foerderverein-baerwinkel.de\/2\/wp-content\/uploads\/2025\/06\/baerwinkel-225_piano-for-kids-programmvorschau_e-mail-version_stand20250602.pdf\" target=\"_blank\" title=\"\" onclick=\"\">\n\t\tDownload PDF\t<\/a>\n<\/div>\n<\/div><\/div><div class=\"kc-elm kc-css-639521 kc_col-sm-6 kc_column kc_col-sm-6\"><div class=\"kc-col-container\"><\/div><\/div><\/div><\/div><\/section><\/p>\n","protected":false},"excerpt":{"rendered":"","protected":false},"author":1,"featured_media":0,"parent":0,"menu_order":0,"comment_status":"closed","ping_status":"closed","template":"templates\/page-builder.php","meta":{"footnotes":""},"class_list":["post-735","page","type-page","status-publish","hentry"],"_links":{"self":[{"href":"http:\/\/www.foerderverein-baerwinkel.de\/2\/wp-json\/wp\/v2\/pages\/735","targetHints":{"allow":["GET"]}}],"collection":[{"href":"http:\/\/www.foerderverein-baerwinkel.de\/2\/wp-json\/wp\/v2\/pages"}],"about":[{"href":"http:\/\/www.foerderverein-baerwinkel.de\/2\/wp-json\/wp\/v2\/types\/page"}],"author":[{"embeddable":true,"href":"http:\/\/www.foerderverein-baerwinkel.de\/2\/wp-json\/wp\/v2\/users\/1"}],"replies":[{"embeddable":true,"href":"http:\/\/www.foerderverein-baerwinkel.de\/2\/wp-json\/wp\/v2\/comments?post=735"}],"version-history":[{"count":54,"href":"http:\/\/www.foerderverein-baerwinkel.de\/2\/wp-json\/wp\/v2\/pages\/735\/revisions"}],"predecessor-version":[{"id":754,"href":"http:\/\/www.foerderverein-baerwinkel.de\/2\/wp-json\/wp\/v2\/pages\/735\/revisions\/754"}],"wp:attachment":[{"href":"http:\/\/www.foerderverein-baerwinkel.de\/2\/wp-json\/wp\/v2\/media?parent=735"}],"curies":[{"name":"wp","href":"https:\/\/api.w.org\/{rel}","templated":true}]}}

BÄRWINKEL &#8211; 225

<p><section class="kc-elm kc-css-147726 kc_row"><div class="kc-row-container  kc-container"><div class="kc-wrap-columns"><div class="kc-elm kc-css-476118 kc_col-sm-12 kc_column kc_col-sm-12"><div class="kc-col-container"><div class="kc-elm kc-css-503350 kc_text_block"></p>
<div class="page" title="Page 1">
<div class="section">
<div class="layoutArea">
<div class="column">
<h1>BÄRWINKEL &#8211; 225  im Jahr 2025</h1>
</div>
</div>
</div>
</div>
<p>
</div></div></div></div></div></section><section class="kc-elm kc-css-708867 kc_row"><div class="kc-row-container  kc-container"><div class="kc-wrap-columns"><div class="kc-elm kc-css-636584 kc_col-sm-6 kc_column kc_col-sm-6"><div class="kc-col-container"><div class="kc-elm kc-css-372743 kc_text_block"></p>
<p><span style="font-size: 12.000000pt; font-family: &#039;Verdana&#039;;">Das ehemalige Vorwerk Bärwinkel bei Neuhardenberg, ein Werk von Friedrich Gilly und seinem Schüler Karl Friedrich Schinkel, in seiner Kunstform einzigartig in Europa, wird in 2025 vom Förderverein Bärwinkel e.V. mit dem 225igsten Jubiläum gefeiert.</span></p>
<div class="page" title="Page 3">
<div class="section">
<div class="layoutArea">
<div class="column">
<h2>Programm</h2>
<p>im ehemaligen Stall, Bärwinkel 12</p>
<h3>Sa 03. Mai 2025, 11:30 Uhr</h3>
<h4>Symposion &#8211; Friedrich Gilly zu ehren mit Vorträgen von</h4>
<p>Reinhard Schmook, Volker von Prittwitz, Jan Mende, Frank Augustin, Goerd Peschken, Frank C. Möller, Nikolaus Bernau</p>
</div>
</div>
<div class="layoutArea">
<div class="column">
</div>
</div>
</div>
</div>
<p>
</div>
<div class="kc-elm kc-css-245047 kc-animated kc-animate-eff-fadeIn">
	<a class="kc_button" href="http://www.foerderverein-baerwinkel.de/2/wp-content/uploads/2025/05/baerwinkel-225_symposion-programm-e-mail-version_stand20250407.pdf" target="_blank" title="" onclick="">
		Download PDF	</a>
</div>
<div class="kc-elm kc-css-264624 kc_text_block"></p>
<div class="page" title="Page 3">
<div class="section">
<div class="layoutArea">
<div class="column">
<h3>So 04. Mai 2025, 17:00 Uhr</h3>
<h4>Festkonzert &#8211; Meisterwerke aus der frühen Zeit des Vorwerks</h4>
<div class="layoutArea">
<div class="column">
<p>Werke von<br />Carl Maria von Weber, Ludwig van Beethoven, Felix Mendelssohn Bartholdy und<br />Robert Schumann</p>
</div>
</div>
</div>
</div>
<div class="layoutArea">
<div class="column">
<p>Corinna Simon (Klavier)<br />Henning Harms (Violoncello)</p>
</div>
</div>
</div>
</div>
<p>
</div>
<div class="kc-elm kc-css-625818 kc-animated kc-animate-eff-fadeIn">
	<a class="kc_button" href="http://www.foerderverein-baerwinkel.de/2/wp-content/uploads/2025/05/baerwinkel-225_festkonzert-programmvorschau_email-version_stand20250411.pdf" target="_blank" title="" onclick="">
		Download PDF	</a>
</div>
<div class="kc-elm kc-css-981914 kc_text_block"></p>
<div class="page" title="Page 3">
<div class="section">
<div class="layoutArea">
<div class="column">
<h3>Sa 12. Juli 2025, 17:00 Uhr</h3>
</div>
</div>
<div class="layoutArea">
<div class="column">
<h4>Konzert Piano for Kids</h4>
</div>
</div>
<div class="layoutArea">
<div class="column">
<p>Das weltweit erfolgreiche Programm mit kleinen Klavierwerken großer Meister aus drei Jahrhunderten, komponiert für Kinder</p>
<p>Corinna Simon (Klavier und Text)<br />Werke von Johann Sebastian Bach, Claude Debussy, Nino Rota u.a.</p>
<h5>Weitere Infos und Preise finden Sie hier zum Download: </h5>
</div>
</div>
</div>
</div>
<p>
</div>
<div class="kc-elm kc-css-865108 kc-animated kc-animate-eff-fadeIn">
	<a class="kc_button" href="http://www.foerderverein-baerwinkel.de/2/wp-content/uploads/2025/06/baerwinkel-225_piano-for-kids-programmvorschau_e-mail-version_stand20250602.pdf" target="_blank" title="" onclick="">
		Download PDF	</a>
</div>
</div></div><div class="kc-elm kc-css-639521 kc_col-sm-6 kc_column kc_col-sm-6"><div class="kc-col-container"></div></div></div></div></section></p>
